{"id":84,"date":"2009-12-27T13:04:41","date_gmt":"2009-12-27T12:04:41","guid":{"rendered":"http:\/\/www.cam-netz.com\/sexy-frauen\/?page_id=84"},"modified":"2011-12-26T20:48:59","modified_gmt":"2011-12-26T19:48:59","slug":"videomail","status":"publish","type":"page","link":"https:\/\/www.cam-netz.com\/sexy-frauen\/videomail\/","title":{"rendered":"Videomail"},"content":{"rendered":"<p>VIDEOMAIL &#8211; Tausche mit Deinem Lieblings-Girl ganz privat Nachrichten, Bilder und Videos mit der VIDEOMAIL!<\/p>\n<p>Das gibt es nur bei <a href=\"http:\/\/www.cam-netz.com\">www.cam-netz.com<\/a> : die VIDEOMAIL erm\u00f6glicht Dir den Austausch von ganz privaten Nachrichten, Bildern und Videos mit Deinem Lieblingsgirl. Sende Deine Lieblingschatterin doch einfach mal einen Video-Clip von Dir &#8211; sie freut sich mit Sicherheit.<br \/>\nWenn Du sie nett fragst, schickt sie Dir garantiert auch Videos von sich zur\u00fcck ganz privat und intim. Die Aufnahmen bleiben in Deinem Postfach, so lange Du willst. Du kannst also Deine Videos immer wieder anschauen, wenn Du Lust dazu hast o h n e zus\u00c3\u00a4tzliche Kosten !<br \/>\nDas Ganze funktioniert super easy und selbsterkl\u00e4rend. Falls es aber trotzdem mal irgendwo haken sollte, haben wir hier f\u00fcr Dich extra eine ausf\u00fchrliche Anleitung zusammengestellt.<br \/>\nUnd so funktioniert es : Logge Dich zuerst wie gewohnt mit Deinen Account-Daten bei <a href=\"http:\/\/www.cam-netz.com\">www.cam-netz.com<\/a> ein.<\/p>\n<p>1. Video versenden :<br \/>\nRufe links im Men\u00fc Dein Postfach auf und schreibe eine neue Nachricht an das Girl Deiner Wahl. Klicke anschlie\u00dfend auf Weiter.<br \/>\n&#8211;<br \/>\nNun kannst Du bis zu f\u00fcnf Fotos an Deine Mail anh\u00c3\u00a4ngen, wenn Du m\u00f6chtest. Klicke daf\u00fcr auf Durchsuchen und w\u00e4hle die Bilder auf Deiner Festplatte aus. Alle Bilder ausgew\u00e4hlt ? Oder Du m\u00f6chtest gar kein Bild beif\u00fcgen ? OK ! In beiden F\u00e4llen nun wieder einfach auf Weiter klicken.<br \/>\n&#8211;<br \/>\nNun kannst Du auch zus\u00e4tzlich ein Video Deiner Mail beif\u00fcgen. Alles was Du daf\u00fcr brauchst, ist eine eigene Webcam. Du hast zwei M\u00f6glichkeiten. M\u00f6glichkeit 1: Du nimmst ein neues Video auf.<br \/>\n&#8211;<br \/>\nKlicke daf\u00c3\u00bcr auf Neues Video aufnehmen. Es \u00f6ffnet sich eine neue Seite. Wenn Du m\u00f6chtest, kannst Du dort zuerst noch die Einstellungen Deiner Cam ver\u00e4ndern. Bereit f\u00fcr die Aufnahme ? Dann klicke auf Aufnahme starten. Es erscheint ein wei\u00dfes Pop-Up des Flash-Players. Klicke dort auf best\u00e4tigen. Daraufhin startet auf der Seite ein rot unterlegter Countdown: 3, 2, 1\u00a0 GO !!!<br \/>\n&#8211;<br \/>\nNach dem Go ist Deine Aufnahme gestartet und Du kannst loslegen. Bist Du fertig mit der Aufnahme, klicke auf Aufnahme speichern um Dein Video abzuspeichern oder auf Aufnahme verwerfen, falls Du es lieber noch mal probieren m\u00f6chtest.<br \/>\n&#8211;<br \/>\nHast Du Dein Video abgespeichert, wirst Du auf eine neue Seite weitergeleitet. Dort bekommst Du Dein neues Video automatisch vorgespielt. Klicke danach auf Weiter.<\/p>\n<p>Du landest jetzt wieder in Deinem Video Men\u00c3\u00bc. Dort kannst Du Dein neues Video nun per Klick ausw\u00e4hlen oder Du entscheidest Dich f\u00fcr M\u00f6glichkeit 2: W\u00e4hle ein bereits zuvor von Dir aufgenommenes Video aus, um es zu verschicken.<br \/>\n&#8211;<br \/>\nAlle Videos, die Du einmal aufgenommen hast, bleiben in Deinem Videomen\u00fc gespeichert. Du kannst Dir somit jederzeit aussuchen, ob Du einem Girl ein neues Video aufnehmen und schicken willst, oder ob Du ihm lieber ein Video senden m\u00f6chtest, was Du schon zu einem anderen Zeitpunkt aufgenommen hast.<br \/>\n&#8211;<br \/>\nHast Du nun ein Video ausgew\u00e4hlt, das Du verschicken m\u00f6chtest egal ob gerade neu aufgenommen oder ein \u00c4lteres Video -, klicke auf Video an die Nachricht anh\u00e4ngen. Deine Nachricht wird sofort verschickt ! Der Versand eines Videos kostet Dich prinzipiell nur einen Coin\u00a0 egal wie lange Dein Video dauert !!!<\/p>\n<p>2. Video empfangen :<br \/>\n&#8211;<br \/>\nRufe links im Men\u00fc Dein Postfach auf. Schickt Dir ein Girl eine Videomail, so bekommst Du unterhalb der Text-Nachricht angezeigt, dass ein Video angeh\u00e4ngt ist und wie viele Coins sie ggf. daf\u00fcr verlangt. M\u00f6chtest Du das Video ansehen, klicke bitte auf Das angeh\u00e4ngte Video f\u00fcr x Coins anschauen. Das Video startet sofort.<\/p>\n<p>DAS BESTE DARAN : jedes Video, egal ob Dein eigenes oder eines, das Du geschickt bekommen hast, bleibt so lange in Deinem Postfach, wie Du willst !<br \/>\nIm Klartext : Du musst daf\u00fcr nur einmal bezahlen und kannst es in Zukunft so oft anschauen wie Du m\u00f6chtest, ohne jegliche zus\u00e4tzliche Kosten.<br \/>\nViel Spass!<\/p>\n","protected":false},"excerpt":{"rendered":"<p>VIDEOMAIL &#8211; Tausche mit Deinem Lieblings-Girl ganz privat Nachrichten, Bilder und Videos mit der VIDEOMAIL! Das gibt es nur bei www.cam-netz.com : die VIDEOMAIL erm\u00f6glicht Dir den Austausch von ganz privaten Nachrichten, Bildern und Videos mit Deinem Lieblingsgirl. Sende Deine Lieblingschatterin doch einfach mal einen Video-Clip von Dir &#8211; sie freut sich mit Sicherheit. Wenn &hellip; <a href=\"https:\/\/www.cam-netz.com\/sexy-frauen\/videomail\/\" class=\"more-link\"><span class=\"screen-reader-text\">&#8222;Videomail&#8220; <\/span>weiterlesen<\/a><\/p>\n","protected":false},"author":1,"featured_media":0,"parent":0,"menu_order":0,"comment_status":"open","ping_status":"open","template":"","meta":{"ngg_post_thumbnail":0},"yoast_head":"<!-- This site is optimized with the Yoast SEO plugin v16.2 - https:\/\/yoast.com\/wordpress\/plugins\/seo\/ -->\n<title>Videomail - Sexy Frauen Live<\/title>\n<meta name=\"robots\" content=\"index, follow, max-snippet:-1, max-image-preview:large, max-video-preview:-1\" \/>\n<link rel=\"canonical\" href=\"https:\/\/www.cam-netz.com\/sexy-frauen\/videomail\/\" \/>\n<meta property=\"og:locale\" content=\"de_DE\" \/>\n<meta property=\"og:type\" content=\"article\" \/>\n<meta property=\"og:title\" content=\"Videomail - Sexy Frauen Live\" \/>\n<meta property=\"og:description\" content=\"VIDEOMAIL &#8211; Tausche mit Deinem Lieblings-Girl ganz privat Nachrichten, Bilder und Videos mit der VIDEOMAIL! Das gibt es nur bei www.cam-netz.com : die VIDEOMAIL erm\u00f6glicht Dir den Austausch von ganz privaten Nachrichten, Bildern und Videos mit Deinem Lieblingsgirl. Sende Deine Lieblingschatterin doch einfach mal einen Video-Clip von Dir &#8211; sie freut sich mit Sicherheit. Wenn &hellip; &#8222;Videomail&#8220; weiterlesen\" \/>\n<meta property=\"og:url\" content=\"https:\/\/www.cam-netz.com\/sexy-frauen\/videomail\/\" \/>\n<meta property=\"og:site_name\" content=\"Sexy Frauen Live\" \/>\n<meta property=\"article:modified_time\" content=\"2011-12-26T19:48:59+00:00\" \/>\n<meta name=\"twitter:card\" content=\"summary\" \/>\n<meta name=\"twitter:label1\" content=\"Gesch\u00e4tzte Lesezeit\">\n\t<meta name=\"twitter:data1\" content=\"3\u00a0Minuten\">\n<script type=\"application\/ld+json\" class=\"yoast-schema-graph\">{\"@context\":\"https:\/\/schema.org\",\"@graph\":[{\"@type\":\"WebSite\",\"@id\":\"https:\/\/www.cam-netz.com\/sexy-frauen\/#website\",\"url\":\"https:\/\/www.cam-netz.com\/sexy-frauen\/\",\"name\":\"Sexy Frauen Live\",\"description\":\"Cams, Videos und Fotos - gratis testen\",\"potentialAction\":[{\"@type\":\"SearchAction\",\"target\":\"https:\/\/www.cam-netz.com\/sexy-frauen\/?s={search_term_string}\",\"query-input\":\"required name=search_term_string\"}],\"inLanguage\":\"de\"},{\"@type\":\"WebPage\",\"@id\":\"https:\/\/www.cam-netz.com\/sexy-frauen\/videomail\/#webpage\",\"url\":\"https:\/\/www.cam-netz.com\/sexy-frauen\/videomail\/\",\"name\":\"Videomail - Sexy Frauen Live\",\"isPartOf\":{\"@id\":\"https:\/\/www.cam-netz.com\/sexy-frauen\/#website\"},\"datePublished\":\"2009-12-27T12:04:41+00:00\",\"dateModified\":\"2011-12-26T19:48:59+00:00\",\"breadcrumb\":{\"@id\":\"https:\/\/www.cam-netz.com\/sexy-frauen\/videomail\/#breadcrumb\"},\"inLanguage\":\"de\",\"potentialAction\":[{\"@type\":\"ReadAction\",\"target\":[\"https:\/\/www.cam-netz.com\/sexy-frauen\/videomail\/\"]}]},{\"@type\":\"BreadcrumbList\",\"@id\":\"https:\/\/www.cam-netz.com\/sexy-frauen\/videomail\/#breadcrumb\",\"itemListElement\":[{\"@type\":\"ListItem\",\"position\":1,\"item\":{\"@type\":\"WebPage\",\"@id\":\"https:\/\/www.cam-netz.com\/sexy-frauen\/\",\"url\":\"https:\/\/www.cam-netz.com\/sexy-frauen\/\",\"name\":\"Home\"}},{\"@type\":\"ListItem\",\"position\":2,\"item\":{\"@id\":\"https:\/\/www.cam-netz.com\/sexy-frauen\/videomail\/#webpage\"}}]}]}<\/script>\n<!-- \/ Yoast SEO plugin. -->","_links":{"self":[{"href":"https:\/\/www.cam-netz.com\/sexy-frauen\/wp-json\/wp\/v2\/pages\/84"}],"collection":[{"href":"https:\/\/www.cam-netz.com\/sexy-frauen\/wp-json\/wp\/v2\/pages"}],"about":[{"href":"https:\/\/www.cam-netz.com\/sexy-frauen\/wp-json\/wp\/v2\/types\/page"}],"author":[{"embeddable":true,"href":"https:\/\/www.cam-netz.com\/sexy-frauen\/wp-json\/wp\/v2\/users\/1"}],"replies":[{"embeddable":true,"href":"https:\/\/www.cam-netz.com\/sexy-frauen\/wp-json\/wp\/v2\/comments?post=84"}],"version-history":[{"count":3,"href":"https:\/\/www.cam-netz.com\/sexy-frauen\/wp-json\/wp\/v2\/pages\/84\/revisions"}],"predecessor-version":[{"id":214,"href":"https:\/\/www.cam-netz.com\/sexy-frauen\/wp-json\/wp\/v2\/pages\/84\/revisions\/214"}],"wp:attachment":[{"href":"https:\/\/www.cam-netz.com\/sexy-frauen\/wp-json\/wp\/v2\/media?parent=84"}],"curies":[{"name":"wp","href":"https:\/\/api.w.org\/{rel}","templated":true}]}}